 -c(a) - 4*o(a). Let g be t(-5). Let y(x) = -2*x - 4*x - 1 + 2*x**2 - 1 - g*x**2. Give y(-5).
3
Let l(p) = -1 - p**2 + 10*p - 4 - 3*p. What is l(5)?
5
Let w = -28 + 25. Let m(t) = -t**3 - 2*t**2 - 3. What is m(w)?
6
Let a(k) = 2*k**3 - 11*k**2 + 9*k + 7. Let d(t) = t**3 - 5*t**2 + 4*t + 3. Let f(m) = -4*a(m) + 9*d(m). Calculate f(3).
17
Let y = -74 + 71. Let x(z) = -z - 2. Determine x(y).
1
Let d(q) = q**3 - 4*q**2 + 3*q - 6. Suppose 9 = -2*y - 1. Let j = 9 + y. Let k be d(j). Let t(b) = b - 2. Calculate t(k).
4
Let q(m) be the first derivative of -m**2/2 - 4*m + 1. Let j = 1 - 2. Let z = -5 - j. Give q(z).
0
Let p(s) = s**2 + 3*s + 4. Suppose -2*q + 2*l + 32 = 0, -5 - 17 = -q + 4*l. Let w = 11 - q. Calculate p(w).
4
Let t(w) = -w - 2. Let h = 5 - -1. Suppose 3*j - 5*f = 73, -f - f + h = j. Suppose -j = q + 3*q. Give t(q).
2
Suppose 3*g = 2*g + t, 0 = -3*t. Suppose -2*f + 4 + 0 = g. Let c(v) = 2*v**3 - 4*v**2 + 2*v. Calculate c(f).
4
Let z = -46 - -39. Let p(j) = j - 6. Give p(z).
-13
Let c(t) = -t**2 + 10*t + 13. Let v be c(11). Let u(f) = -f**2 - 2*f + 2. Give u(v).
-6
Let q(w) = w - 12 - 9 + 9*w + 20. Let y be 1*-2 - (-2)/2. Determine q(y).
-11
Suppose 0 = -3*f + 3*t, 8 = -4*f + 2*t + 4. Let h(u) = -u**2 - 6*u. Let p be h(-6). Let s be 6 + 2/f - p. Let z(g) = g - 11. Calculate z(s).
-6
Let r(k) = -k**3 - 3*k**2 + 4. Suppose 3*f = 3*z - 6, -2*z + z + 22 = -5*f. Calculate r(z).
4
Let c = -3 + -7. Let w be (-1)/((2/1)/c). Suppose -v + 21 = 5*y, -2*y + v = -w - 9. Let q(o) = -o**2 + 4*o + 2. What is q(y)?
-3
Let t(s) = -5*s + 7. Let w(a) = 5*a - 8. Let d(p) = 6*t(p) + 5*w(p). Calculate d(2).
-8
Let z(l) = l**3 + 6*l**2 - 6. Let y = 7 - 13. Give z(y).
-6
Let m(b) = -b**2 + 0*b**2 + 5*b - 11 + 17. Determine m(7).
-8
Suppose -32 = -4*t + 8*t. Let u = -4 - t. Let q(x) = -2*x + 6. Determine q(u).
-2
Let n(d) = d + 3. Suppose -3*h = -5*f - 0*h + 88, 0 = -4*f - 5*h + 100. Suppose 0 = -t - 5*l + f, -t + 5*l = 4*t + 50. Give n(t).
-2
Let l(u) = -u + 5. Let c(m) = 3. Let y(p) = 5*c(p) - 3*l(p). Calculate y(-6).
-18
Let y(t) = -t**3 - 3*t**2 - 3*t. Let d(j) = -j**3 + 12*j**2 + 2*j - 26. Let w be d(12). Give y(w).
2
Let n(v) = 1 - 3*v + 21*v + 0. Give n(-1).
-17
Let n(q) = -q**3 + 3*q**2 + 3*q + 1. Let x be (-6)/10 + 92/20. Give n(x).
-3
Let d(l) be the second derivative of l**4/12 + l**3 + l**2 + 2*l. Suppose 0 = -2*y - 109 + 97. What is d(y)?
2
Let p(r) = -r**2 + 4*r - 2. Let w be p(3). Let i(d) be the first derivative of d**2 - d - 4. Determine i(w).
1
Suppose 0 = -5*x + 7 - 17. Let w(d) = -24 - d + 24. What is w(x)?
2
Let l(y) = -2*y**3 + y - 4. Let c(x) = x**3 + x - 1. Let i(a) = -3*c(a) + l(a). Suppose 3*w - 3 - 3 = 0. Let m = -3 + w. What is i(m)?
6
Let g(c) = -4 - 122*c + 56*c - 2*c**2 + 63*c. Calculate g(-3).
-13
Let f be 3/(-3)*-2*(-2)/4. Let a(d) = -4*d**2 - d - 1. Determine a(f).
-4
Let p(c) = -c**2 - 3*c - 4. Let a(k) = k**2 + 3*k - 1. Suppose i - 5*y - 11 = 0, -2*i - y + 6*y = -7. Let g be a(i). Suppose -g*d - 1 - 11 = 0. Calculate p(d).
-8
Let t be (2 - 1)/((-2)/(-6)). Let y(m) = 2*m - 3. Calculate y(t).
3
Let l(s) be the second derivative of -s**4/12 + s**3/2 - 2*s**2 - s. Let w be (1 + 2)*(0 - 1). Let h(v) = v**2 + 3*v + 3. Let q be h(w). Determine l(q).
-4
Let t(h) = -10*h**2 - 19*h + 22. Let g(z) = -7*z**2 - 13*z + 15. Let k(y) = -7*g(y) + 5*t(y). Let n be k(-4). Let u(j) = 6 - n*j + 0 - 4. Determine u(2).
-8
Let q(g) = g**2 - 8*g - 2. Suppose -16 = 4*j - 48. Let a be q(j). Let n(f) be the first derivative of -f**4/4 - 4*f**3/3 + f + 7. What is n(a)?
-7
Let h = 16 - 11. Let a be (h - 1) + -4*1. Let j(n) = n**2 - n + 8. Calculate j(a).
8
Let u(o) be the third derivative of o**6/720 - o**5/60 - o**4/6 - 5*o**2. Let j(v) be the second derivative of u(v). What is j(2)?
0
Let k(v) = 3*v - 24. Let m(d) = d - 12. Let l(s) = 2*k(s) - 5*m(s). Let r = 12 - 8. Suppose -r*q = -5*u + q - 30, -3*q - 2 = u. Determine l(u).
7
Let n(y) = -y**3 + 9*y**2 - 15*y + 8. Let b be n(7). Let j(h) = -12*h**3 - h**2. Determine j(b).
-13
Let c(p) be the first derivative of 3*p**2/2 - 2*p + 40. Suppose 4*r = -3*i + 5, 0*i + 5*i + 3*r - 12 = 0. Give c(i).
7
Let v(u) = -2*u**2 - 4*u + 17. Let k(x) = x**2 + 2*x - 8. Let r be (-6)/(-10) + 476/(-35). Let b(t) = r*k(t) - 6*v(t). Calculate b(-3).
-1
Suppose 2*x = -3*x - 25. Let m(z) be the third derivative of -z**5/120 - z**4/24 + z**3/6 + z**2. Let w(n) be the first derivative of m(n). Give w(x).
4
Let h(n) = 5*n + 1. Let w(b) = -b**3 + 2*b**2 - b + 7. Let a be w(3). What is h(a)?
-24
Let p(x) = 5*x - 8. Let h(o) = -2*o. Let m(g) = -3*h(g) - p(g). Determine m(6).
14
Let c(w) = -w + 5. Let y = -9 + 14. Give c(y).
0
Suppose 3*u = -u - 4*g - 68, 0 = -2*u + 4*g - 10. Let f = u - -12. Let m(x) = 6*x**2 - x - 1. Determine m(f).
6
Let g(f) = -f**3 + 3*f**2 - f - 2. Suppose -m = -4*q - q - 8, 5*q = 2*m - 11. What is g(m)?
-5
Suppose 20*k + 0*k = 120. Let w(i) = -i + 6. Determine w(k).
0
Let s(r) = r + 2. Let f(w) = 3*w**2 - 12*w + 15. Let m(b) = b**2 - 4*b + 5. Let a(d) = 6*f(d) - 17*m(d). Let j be a(4). Calculate s(j).
7
Let c(n) = n**3 + 8*n**2 + n + 1. Let o = 7 + -15. Calculate c(o).
-7
Let m(j) be the third derivative of -j**5/60 - j**4/6 + j**3/2 + 5*j**2. Give m(-4).
3
Suppose -v = 3*v - 8. Let x(z) be the second derivative of -7/6*z**3 + 1/12*z**4 + z + 0 + 5/2*z**v. Give x(5).
-5
Let c(b) = -4*b**2 + 4*b - 7. Let h(t) = -2*t**2 + 2*t - 4. Let i(r) = -4*c(r) + 7*h(r). Let f(s) = -s + 1. Let d(v) = -2*f(v) + i(v). Calculate d(-2).
6
Let u(c) be the first derivative of -c**5/20 + c**4/4 + 2*c**3/3 + 3*c**2/2 - 7*c - 6. Let q(k) be the first derivative of u(k). What is q(4)?
3
Let w(m) = -m + 19. Let b be w(17). Let r(u) = -8*u**2 - 1. Let t(q) = -2*q**2. Let y(p) = -2*r(p) + 9*t(p). Determine y(b).
-6
Let q(c) be the second derivative of 5*c**3/6 - c**2/2 + c. Give q(2).
9
Let n(a) = 8 - 1 + 2*a - 2*a**3 - 2*a**2 + 2 + 0*a**2 - 8. Let j = -6 - -4. Determine n(j).
5
Let i(j) = 8*j - 2. Let g be i(-2). Let r be 6/g + 10/3. Suppose -r*c = -6*c. Let s(b) = -b**3 + b**2 + b + 5. Calculate s(c).
5
Let l(o) be the third derivative of -o**5/15 + o**4/24 + o**3/6 + 4*o**2. Let g be (-8)/(-6)*((-15)/6 + 1). Determine l(g).
-17
Let u = 18 - 21. Let a = u + 4. Let w(p) = p - 1. Calculate w(a).
0
Let k = 0 + 5. Suppose -x - 13 = 2*d, -13 = -5*x + x + k*d. Let r(f) = f + 2. Calculate r(x).
-1
Suppose -3 = 2*o + o. Let x(s) = -2*s + 1. Let c be x(o). Let t(k) = k**3 - 4*k**2 + 4*k. Determine t(c).
3
Let k(r) be the first derivative of 1/4*r**4 + 5/3*r**3 + 3/2*r**2 - 3 - 2*r. Give k(-3).
7
Let k(z) = z**3 + 4*z**2 + 2*z. Let t(d) = -3*d**3 + 2*d**2 + 2*d + 4. Let y(c) = c**3 + c**2 - c. Let f(x) = -t(x) - 2*y(x). Let s be f(4). Give k(s).
-8
Let d(j) = 3*j**2 - 3 - j + 4*j**2 - 2*j**2 - 2 - j**3. What is d(4)?
7
Suppose -2*k = v - 5*k + 4, 2*k - 11 = -v. Let x(p) = -p**3 + 6*p**2 - 7*p + 7. Give x(v).
-3
Let p(u) = -u**3 + 30*u - 29*u - 5 - u**2 + 4 + 0*u**2. Let v be (-4)/9*-3*3. Let r be ((-2)/v)/(5/(-10)). Give p(r).
-2
Let u(j) = 419*j**2 - 205*j**2 - 4 - 208*j**2 - j**3. Suppose -6*o + 6 = -3*o - 4*m, 2*o - 9 = m. Calculate u(o).
-4
Let t(w) = -w**3 - 4*w**2 - 2*w - 2. Suppose -21*y = -14*y + 28. What is t(y)?
6
Let p(m) be the first derivative of -m**2/2 - 3*m - 1. Determine p(-9).
6
Let d(r) be the second derivative of -5*r**3/6 - r**2/2 + r. Let b(o) = o + 4. Let a be 0 - 0 - (-12)/(-4). Let p be b(a). What is d(p)?
-6
Let h be (376/(-280) - 3/(-21))*-5. Let x(f) = f**3 - 6*f**2 - f + 2. Give x(h).
-4
Let y(g) = 16*g**3 + 2*g**2 - g. Let q be 4 - ((-6)/8)/(22/(-88)). Give y(q).
17
Let f(x) be the second derivative of x**4/12 - 9*x**2/2 + 2*x. Suppose -b = 4 - 12. Suppose 2*j - b = 2*z - 5*z, j = -3*z + 4. Give f(z).
-9
Let m(b) = 3*b. Let r(j) = j. Let i(g) = m(g) - 4*r(g). Suppose 3*v + 15 = -2*v. Let y(u) = -2*u - 4. Let z be y(v). What is i(z)?
-2
Let n(o) = 2*o + 7. Let u be n(0). Suppose -2*a = 3*a - 5*l, 5*a + 2*l + u = 0. Let k(p) = 5*p**2 - 2*p - 1. Give k(a).
6
Let m(t) = 7*t - 1. Let j(l) = -l**3 + l**2 + 3*l - 3. Suppose 0 = 4*c - 5*n + 17, 5*c + n - 4 = 11. Let v be j(c). What is m(v)?
-8
Let a(l) be the second derivative of l**5/20 - l**4/4 + l**2 + 36*l. Determine a(2).
-2
Suppose 0 = 4*x - c - 0 - 12, -3*c - 3 =